(-2)/l*-2 is divided by 7?
4
Let i = -150 + 219. Suppose 4*j - 5 = 3*t - i, -j - 20 = -t. Let o = 4 - -2. What is the remainder when t is divided by o?
4
Suppose -y + 14 = 3*r, -5*r + 28 = -r - y. Suppose -5*z + 24 - 89 = 0. Let f = -9 - z. What is the remainder when r is divided by f?
2
Let a(o) = -o**2 - 9*o + 5. Calculate the remainder when a(-9) is divided by 1.
0
Let f(y) = y**3 - 6*y**2 + 2*y - 9. Calculate the remainder when 5 is divided by f(6).
2
Let z(t) = -t - 11. Calculate the remainder when 38 is divided by z(-21).
8
Suppose 3*r - 5*r = -64. Calculate the remainder when r is divided by 9.
5
Let r = -39 + 150. Calculate the remainder when r is divided by 38.
35
Let w(x) = -2*x**2 - 24*x - 3. Calculate the remainder when 182 is divided by w(-10).
34
Suppose 3*k - 29 = -14. Calculate the remainder when 19 is divided by k.
4
Suppose 0*v + 2*v + 3*z - 9 = 0, 4*z = 5*v - 11. What is the remainder when 5 - v - 9*-1 is divided by 3?
2
Let c = 6 + -3. Suppose 4 = c*a - 32. Calculate the remainder when 35 is divided by a.
11
Let a be 3 + -4 + (2 - 1). Suppose a*t = -2*t - 12. What is the remainder when 13 is divided by (1 - -1)/(t/(-21))?
6
Let z = -10 - -11. Calculate the remainder when 21 is divided by -1 + 1 - z - -7.
3
Suppose -6*f = -2*f - 16. Suppose -3*w - 9 = 3. Calculate the remainder when f is divided by (3/2)/((-3)/w).
0
Let c be (-4)/6 - 26/6. Let r = 0 - c. Calculate the remainder when 9 is divided by r.
4
Let y = 2 - -1. Suppose -y = 4*a - 59. Calculate the remainder when a is divided by 8.
6
Suppose y - 3*y + 8 = 0, 194 = 3*n + 5*y. Suppose 12 + n = 2*k. Suppose z = -3*w + 6, 2*z - 3*w = 13 + 17. What is the remainder when k is divided by z?
11
Suppose 5*w - 13 = 22. Let t(p) = p**3 - 6*p**2 - 3*p + 2. Calculate the remainder when t(w) is divided by 8.
6
Suppose 0 = -i + 3*i - 2*g - 60, -15 = 3*g. Calculate the remainder when 68 is divided by i.
18
Let x = 8 - 8. Suppose 5*r + 22 - 167 = x. What is the remainder when 56 is divided by r?
27
Suppose 0 = 3*r + p - 5, 3*r + r = 2*p. Let k = 4 + r. Suppose -2*j - 2*j = s - 24, 3*j - k*s = 18. Calculate the remainder when 17 is divided by j.
5
Let g be 14/18 + 12/54. Suppose 0 = -h + 2 + g. What is the remainder when 3 is divided by h?
0
Let m = 6 + -2. Let z(n) = -n - 7. What is the remainder when z(-14) is divided by m?
3
Suppose -k - 4*k - 10 = 0. Let v(n) = n - 5. What is the remainder when v(6) is divided by k + (0 - 3*-1)?
0
Suppose -f = 3*u + 27, u - 6*u = -f - 19. Let g = f - -29. Calculate the remainder when 17 is divided by g.
2
Suppose -j + 24 = -7*j. Let m be 0/(-3) - 190*2. Calculate the remainder when (-3)/(-5)*m/j is divided by 15.
12
Let b(f) = f**2 - 3*f + 4. Let u be b(4). Suppose 26 = 2*t - u. Suppose n - 12 + 3 = 0. What is the remainder when t is divided by n?
8
Let h(q) = -6*q**3 - 2*q**2 + 2*q + 1. What is the remainder when h(-2) is divided by (3/(-6))/(1/(-38))?
18
Suppose 2*b = 4*i - 26, -2*i + 5*b - 3*b + 16 = 0. Let z be ((-6)/i)/(2/(-55)). Let q = z + -18. What is the remainder when 43 is divided by q?
13
Suppose 4*a - 169 - 63 = 0. Calculate the remainder when a is divided by 15.
13
Suppose 1 - 6 = -n. Suppose -4*w + 58 = 5*c, 3*c = -n*w + 2*c + 83. What is the remainder when 50 is divided by w?
16
Let c(f) = 2*f + 24. Calculate the remainder when c(9) is divided by 8.
2
Let z = -94 - -141. Calculate the remainder when 92 is divided by z.
45
Suppose -2*u = 3*y - 35, -u = -y + 2*u + 8. Let q(l) = 6*l - 34. Calculate the remainder when q(9) is divided by y.
9
Suppose 4*k + 2*r = 28, -2*r - 36 = -4*k - 0*k. Suppose 0 = w - 2*w + 19. What is the remainder when w is divided by k?
3
Suppose 20 = 3*j + j. Suppose -3*u - 2*x + 52 = 0, -4*u + 90 = u + j*x. Suppose u = 3*t + t. What is the remainder when t is divided by 3?
1
Suppose -9 - 12 = -b. Let s = -1 + 42. What is the remainder when s is divided by b?
20
Suppose 75 = -0*b + 5*b. Let z = b + -4. What is the remainder when z is divided by 68/18 + (-2)/(-9)?
3
Let l(t) be the second derivative of t**5/20 - t**4/6 - 5*t**3/6 + t**2 - 4*t. What is the remainder when 26 is divided by l(4)?
12
Suppose 12 + 58 = -5*j. Let o be (-2360)/(-28) - (-4)/j. What is the remainder when 26 is divided by (-21)/(-35) - o/(-10)?
8
Let m = -4 + 6. Suppose 2*a = -m*a + 412. What is the remainder when a is divided by 26?
25
Let k(o) = o**2 - 10*o + 14. Suppose -5*z = -0*z - 3*c - 110, 5*c = z. What is the remainder when z is divided by k(10)?
11
Let b = -7 + 36. What is the remainder when b is divided by 15?
14
Let t(z) = z + 4. Let i be t(-8). Let s(p) = -p**3 + 4*p**2 + p - 4. Let a be s(4). Let h = a - i. What is the remainder when h is divided by 2?
0
Calculate the remainder when 27 is divided by (30*1)/3 - (8 + -5).
6
Let t be 25/2*(-4)/(-5). Suppose x = 3*x, -5*i + 2*x + t = 0. Calculate the remainder when 5 is divided by i.
1
Let i(q) = -13*q**3 + q. Let c = -6 - -9. What is the remainder when 2/c*(51 - 0) is divided by i(-1)?
10
Calculate the remainder when 29 + 0 + 3 + -1 is divided by 12.
7
Let p = 20 + -9. Suppose 6 = s - p. Calculate the remainder when 66 is divided by s.
15
Let g be ((-6)/12)/(1/(-10)). Suppose 0 = -g*h - 16 + 1. Let m(p) = -3*p - 2. Calculate the remainder when m(h) is divided by 4.
3
Suppose 102 = m - 123. Calculate the remainder when m is divided by 19.
16
Let w = 106 + -63. Suppose -23 = -5*j + 2. Suppose 0 = 5*t + 3*n - 72, -2*t = j*n - 19 - 6. Calculate the remainder when w is divided by t.
13
Suppose d + 17 = -4*t, -t = -4*d - 4 - 13. Let q = t - -4. What is the remainder when (-16 + q)*2/(-2) is divided by 8?
7
Calculate the remainder when 30 is divided by 1 - (-21)/((-9)/(-3)).
6
Let b = -76 + 158. Calculate the remainder when b is divided by 21.
19
Suppose 810 = 5*y + 100. Suppose 2*f + y = 5*c, c + 5*f + 89 = 4*c. Calculate the remainder when 27 is divided by (c/(-10))/(4/(-20)).
13
Let x(i) = 3*i**3 - 3*i**2 - 4*i + 3. Calculate the remainder when 9 is divided by x(2).
2
Calculate the remainder when -4 + 1 + 1 + 37 is divided by 6.
5
Suppose 0*g = 2*g + 4*d - 4, -3*g - 4*d = -14. What is the remainder when 69 is divided by g?
9
Suppose -2*b = 4*b - 306. What is the remainder when b is divided by 18?
15
Suppose -4*u - 24 = -2*f, -f = -u - 0*u - 9. Suppose -3*h + f*h = 51. What is the remainder when 33 is divided by h?
16
Let g(v) = v + 6*v**2 + 11 - 4*v**2 - 10. Calculate the remainder when g(3) is divided by 12.
10
Let l be 1 + 3 + (-1 - -2). Let f be 1/l - 96/(-20). Let z = f - 1. What is the remainder when z is divided by 2?
0
Let m = -5 - 8. Let c = m - -25. Let w = 13 + -6. What is the remainder when c is divided by w?
5
Let c(z) = -36*z**3 + 5*z**2 + 3*z + 3. Let f(b) = -54*b**3 + 8*b**2 + 5*b + 5. Let j(a) = 8*c(a) - 5*f(a). What is the remainder when 53 is divided by j(-1)?
17
Suppose 0 = 3*t - 4*h - 0*h - 126, -2*t = -5*h - 77. Calculate the remainder when t is divided by (1/(4/96))/2.
10
Suppose 6 = -9*q + 10*q. What is the remainder when 21 is divided by q?
3
Let v(x) = -x**2 + 6*x - 3. Let f be v(4). Let d = 11 - f. Calculate the remainder when d is divided by 4.
2
Let j(w) = 10*w - 21. What is the remainder when j(10) is divided by 20?
19
Let x = 37 - 22. Calculate the remainder when x is divided by (-5 - 7)/((-6)/4).
7
Suppose 6 = -z + 4*z. What is the remainder when 7 is divided by z?
1
Let l(d) = 6*d**2 + 3*d - 1. What is the remainder when l(-4) is divided by 21?
20
Calculate the remainder when 56 is divided by (38/(-10))/(1/(-5)).
18
Let k = -13 - -25. Suppose -3*x = b - 10, 5*x = x + b + 11. Suppose y - 88 = -x*y. What is the remainder when y is divided by k?
10
Suppose 4*v = -4*f + 20, -f - 10 = -2*v - 4*f. Calculate the remainder when v is divided by 3.
2
Let v(z) = 3*z - 5. What is the remainder when 6 is divided by v(3)?
2
Let c(x) = -x**3 + 13*x**2 + 3*x - 7. Suppose 0 = 4*v - 0*j + 2*j - 52, -v + 13 = -2*j. Calculate the remainder when c(v) is divided by 17.
15
Suppose -2*c - 46 = -120. Calculate the remainder when 109 is divided by c.
35
Let p(r) = -3*r - 5 + 3*r - r - 2. Let a be p(-7). Let q = a - -3. What is the remainder when 6 is divided by q?
0
Suppose 3*l + 3 - 9 = 0. Suppose -l*j = -0 + 2. Let x = 3 + j. Calculate the remainder when x is divided by 1